17?
False
Is 9 a factor of 229293?
True
Is 1140 a factor of 6023760?
True
Is 194 a factor of 1989485?
False
Is 40857 a multiple of 6?
False
Is 2472 a multiple of 6?
True
Is 137007 a multiple of 26?
False
Does 882 divide 2910357?
False
Does 14 divide 68305?
False
Does 31 divide 123190?
False
Is 174 a factor of 25056?
True
Is 1264078 a multiple of 349?
True
Does 172 divide 305469?
False
Is 27 a factor of 770229?
True
Is 15346838 a multiple of 22?
False
Is 8746771 a multiple of 9?
False
Does 187 divide 1278332?
True
Is 36 a factor of 150503?
False
Is 62258 a multiple of 13?
False
Is 2345106 a multiple of 6?
True
Is 837 a factor of 3140647?
False
Is 577 a factor of 1452331?
False
Does 157 divide 1195991?
False
Is 1750080 a multiple of 96?
True
Is 25 a factor of 197608?
False
Does 17 divide 39508?
True
Is 126016 a multiple of 16?
True
Is 27 a factor of 1012?
False
Does 32 divide 499895?
False
Does 18 divide 10675?
False
Is 1061 a factor of 11664634?
True
Is 1563543 a multiple of 896?
False
Is 3145047 a multiple of 93?
False
Does 19 divide 43453?
True
Is 94 a factor of 557984?
True
Is 2259004 a multiple of 22?
True
Is 52 a factor of 25272?
True
Is 3144999 a multiple of 11?
True
Does 49 divide 2687748?
True
Is 34935 even?
False
Is 319 a factor of 4072035?
True
Does 50 divide 308608?
False
Is 22 a factor of 5596741?
False
Does 8 divide 18293477?
False
Is 7358086 a multiple of 1085?
False
Is 14837230 a multiple of 100?
False
Is 260092 a multiple of 196?
True
Is 24 a factor of 302976?
True
Is 323748 a multiple of 10?
False
Does 19 divide 32775?
True
Is 150621 even?
False
Is 183 a factor of 53070?
True
Is 7 a factor of 19344802?
False
Is 661 a factor of 109065?
True
Is 847268 a multiple of 237?
False
Is 13 a factor of 262613?
True
Is 95 a factor of 57285?
True
Is 1851216 a multiple of 8?
True
Does 21 divide 1704309?
False
Is 156 a factor of 272688?
True
Does 33 divide 3492687?
True
Is 85 a factor of 9838495?
True
Does 94 divide 31595?
False
Is 83 a factor of 411763?
True
Does 38 divide 270256?
True
Is 25 a factor of 65225?
True
Is 26385 a multiple of 207?
False
Is 6735170 a multiple of 1339?
True
Is 22 a factor of 9768?
True
Is 256060 a multiple of 62?
True
Does 39 divide 217862?
False
Is 382604 a multiple of 12?
False
Is 914 a factor of 6356?
False
Is 36650 a multiple of 25?
True
Does 53 divide 712426?
True
Is 106673 a multiple of 28?
False
Does 8 divide 54801?
False
Is 1568 a factor of 8810592?
True
Is 9 a factor of 292957?
False
Is 4639005 a multiple of 135?
True
Is 68176 a multiple of 2?
True
Does 38 divide 84892?
True
Does 4 divide 623627?
False
Does 599 divide 17412930?
True
Is 1701 a factor of 3384990?
True
Is 465 a factor of 646115?
False
Is 54 a factor of 9216936?
True
Does 1779 divide 17629333?
False
Is 5 a factor of 4832586?
False
Is 340 a factor of 750395?
False
Does 67 divide 116781?
True
Is 276 a factor of 20618028?
True
Is 259710 a multiple of 55?
True
Is 19674 a multiple of 18?
True
Is 290004 a multiple of 52?
True
Does 104 divide 33394924?
False
Does 8 divide 1194344?
True
Is 25 a factor of 13775?
True
Is 47 a factor of 2181364?
True
Is 39649 a multiple of 4?
False
Is 15 a factor of 11542804?
False
Does 58 divide 513802?
False
Is 3714060 a multiple of 259?
True
Is 4 a factor of 14608?
True
Is 39 a factor of 40919?
False
Is 15776818 a multiple of 1045?
False
Is 1640300 a multiple of 25?
True
Is 36 a factor of 80712?
True
Is 2933140 a multiple of 1460?
True
Is 37 a factor of 136345?
True
Is 401 a factor of 3409807?
False
Does 118 divide 18172?
True
Does 137 divide 5683956?
False
Is 79 a factor of 29179?
False
Is 9 a factor of 54243?
True
Is 37529 a multiple of 45?
False
Is 212 a factor of 719424?
False
Is 118085 a multiple of 113?
True
Is 7 a factor of 43862?
True
Is 4 a factor of 4659286?
False
Does 8 divide 6023936?
True
Does 18 divide 244134?
True
Is 534723 a multiple of 1270?
False
Does 35 divide 5971177?
False
Is 10431314 a multiple of 99?
False
Is 16 a factor of 849470?
False
Is 2439292 a multiple of 108?
False
Is 508503 a multiple of 46?
False
Is 368140 a multiple of 25?
False
Does 389 divide 36698126?
False
Is 6 a factor of 96017?
False
Does 13 divide 185066?
False
Does 2 divide 12161?
False
Does 122 divide 157624?
True
Is 244026 a multiple of 57?
False
Does 13 divide 4450676?
False
Is 580862 a multiple of 56?
False
Is 488869 a multiple of 608?
False
Does 292 divide 226534?
False
Is 4 a factor of 2640813?
False
Is 6037724 a multiple of 22?
True
Is 233 a factor of 6328593?
False
Is 70200 a multiple of 104?
True
Is 27 a factor of 317223?
True
Is 296622 a multiple of 157?
False
Is 7987286 a multiple of 102?
False
Is 207706 a multiple of 41?
True
Is 88530 a multiple of 13?
True
Does 81 divide 23602460?
False
Is 16 a factor of 298297?
False
Is 628141 a multiple of 7?
False
Is 640259 a multiple of 617?
False
Does 31 divide 766548?
False
Is 1116 a factor of 425778?
False
Is 42 a factor of 241669?
False
Is 536382 a multiple of 126?
True
Is 406623 a multiple of 21?
True
Is 4505835 a multiple of 507?
False
Is 101 a factor of 39185?
False
Does 15 divide 20457032?
False
Does 12 divide 86095?
False
Is 52490 a multiple of 25?
False
Is 160185 a multiple of 2?
False
Is 133 a factor of 143262?
False
Does 158 divide 101594?
True
Is 24 a factor of 1188330?
False
Is 271437 a multiple of 54?
False
Is 8 a factor of 2134152?
True
Is 107 a factor of 356564?
False
Is 4 a factor of 2459381?
False
Is 444427 a multiple of 2?
False
Does 27 divide 30875?
False
Does 40 divide 199988?
False
Is 21 a factor of 34026405?
True
Is 5744 a multiple of 12?
False
Is 773058 a multiple of 51?
True
Is 5 a factor of 591160?
True
Does 9 divide 4502569?
False
Is 25 a factor of 1462925?
True
Is 18 a factor of 1286139?
False
Is 4098459 a multiple of 977?
False
Does 98 divide 6587602?
False
Is 7 a factor of 4830?
True
Is 2219494 a multiple of 141?
False
Does 49 divide 1323401?
False
Is 74948 a multiple of 41?
True
Is 2071716 a multiple of 76?
False
Is 125 a factor of 4048750?
True
Does 88 divide 269368?
True
Does 124 divide 6006064?
True
Is 465 a factor of 9435780?
True
Is 17 a factor of 6377941?
True
Does 22 divide 32079?
False
Does 1107 divide 10642698?
True
Is 12 a factor of 1557078?
False
Does 66 divide 31980?
False
Is 247225 a multiple of 275?
True
Does 18 divide 16940052?
True
Is 2 a factor of 1726671?
False
Is 37 a factor of 2418024?
True
Does 2 divide 13933?
False
Does 215 divide 472570?
True
Does 110 divide 29236?
False
Is 465 a factor of 817470?
True
Is 298272 a multiple of 22?
False
Is 53 a factor of 327805?
True
Does 18 divide 131709?
False
Is 83 a factor of 3040705?
True
Does 126 divide 237384?
True
Is 50 a factor of 6800?
True
Is 5406544 a multiple of 176?
True
Does 16 divide 10304?
True
Does 568 divide 46576?
True
Does 224 divide 9206699?
False
Does 44 divide 1331904?
False
Is 110 a factor of 206758?
False
Is 94 a factor of 392478?
False
Is 247 a factor of 171407?
False
Does 452 divide 18367472?
True
Does 104 divide 53476?
False
Is 22 a factor of 849257?
False
Is 44 a factor of 164164?
True
Is 290520 a multiple of 8?
True
Is 54864 a multiple of 9?
True
Is 9 a factor of 2779164?
True
Is 84 a factor of 3303463?
False
Is 60 a factor of 53235?
False
Is 407 a factor of 744810?
True
Is 189626 a multiple of 48?
False
Is 4702 even?
True
Does 24 divide 66192?
True
Is 33972 a multiple of 7?
False
Is 185 a factor of 32190?
True
Is 37 a factor of 89868?
False
Is 2390 a multiple of 3?
False
Is 24927 a multiple of 7?
True
Does 15 divide 24606?
False
Is 411 a factor of 1143813?
True
Does 35 divide 233268?
False
Is 202 a factor of 288572?
False
Is 1016 a factor of 8117840?
True
Is 17 a factor of 6068031?
True
Is 100352 a multiple of 28?
True
Is 159 a factor of 2473086?
True
Is 217 a factor of 512996?
False
Is 137 a factor of 103503?
False
Does 7 divide 2992377?
False
Does 1246 divide 2387336?
True
Does 77 divide 246447?
False
Does 430 divide 1547097?
False
Is 1987034 a multiple of 9?
False
Is 12 a factor of 2713364?
False
Is 1405107 a multiple of 33?
True
Does 70 divide 740428?
False
Does 54 divide 45360?
True
Does 32 divide 2232512?
True
Is 97 a factor of 3211955?
False
Is 425634 a multiple of 6?
True
Is 19 a factor of 1235534?
False
Is 112 a factor of 324864?
False
Is 292 a 